e greatest common divisor of 2893 and 4208?
263
What is the greatest common divisor of 20 and 13370?
10
Calculate the greatest common divisor of 378 and 224.
14
Calculate the greatest common factor of 28416 and 108114.
222
What is the highest common factor of 59187 and 10137?
327
What is the greatest common factor of 268201 and 201?
67
What is the greatest common factor of 229674 and 3434?
202
What is the highest common divisor of 151525 and 12825?
475
Calculate the highest common factor of 170114 and 1218.
406
What is the highest common divisor of 125664 and 1400?
56
What is the greatest common factor of 3565 and 23?
23
Calculate the greatest common divisor of 5380 and 680.
20
What is the highest common factor of 448 and 71092?
28
Calculate the greatest common factor of 6720 and 1085.
35
What is the greatest common divisor of 14040 and 73944?
936
Calculate the greatest common divisor of 32812 and 2.
2
Calculate the highest common divisor of 312 and 1864.
8
What is the greatest common factor of 108849 and 4875?
39
What is the highest common divisor of 3794515 and 445?
445
Calculate the greatest common divisor of 29468 and 1060.
212
What is the greatest common factor of 1239546 and 6?
6
Calculate the greatest common factor of 331708 and 156.
52
Calculate the highest common divisor of 5901 and 756.
21
Calculate the greatest common divisor of 70 and 20830.
10
What is the greatest common factor of 234188 and 3683?
127
What is the greatest common factor of 952799 and 123?
41
What is the highest common divisor of 494 and 124735?
247
Calculate the greatest common divisor of 55805 and 10.
5
What is the greatest common divisor of 2919 and 21?
21
Calculate the greatest common factor of 54425 and 125.
25
What is the highest common divisor of 970 and 2700?
10
What is the highest common factor of 1133 and 2398?
11
Calculate the highest common factor of 1006 and 51809.
503
Calculate the highest common divisor of 304 and 617424.
304
Calculate the greatest common factor of 508599 and 243.
243
What is the greatest common factor of 634699 and 13?
13
What is the highest common divisor of 31556 and 470596?
1372
Calculate the greatest common factor of 62857 and 3824.
239
What is the highest common factor of 1515 and 25351?
101
Calculate the greatest common divisor of 1636 and 1295303.
409
What is the greatest common factor of 98328 and 748?
68
Calculate the greatest common factor of 929727 and 342.
171
What is the highest common divisor of 2770 and 1970?
10
Calculate the highest common factor of 159 and 8268.
159
Calculate the greatest common divisor of 206 and 1513894.
206
What is the highest common divisor of 17219 and 2056?
257
Calculate the highest common factor of 56274 and 6972.
498
Calculate the highest common factor of 9145 and 77965.
155
What is the greatest common divisor of 89810 and 70?
70
What is the greatest common factor of 110255 and 5?
5
Calculate the highest common factor of 2535 and 15015.
195
What is the highest common factor of 14025 and 22185?
255
What is the greatest common divisor of 3036 and 6325?
253
What is the greatest common divisor of 225 and 25350?
75
What is the highest common factor of 56448 and 546?
42
What is the highest common factor of 37033 and 145?
29
What is the highest common divisor of 84 and 769965?
21
What is the highest common factor of 1955 and 36110?
115
What is the highest common divisor of 60990 and 47310?
570
Calculate the greatest common factor of 10384408 and 8.
8
What is the highest common divisor of 623329 and 49?
49
What is the highest common factor of 43275 and 100?
25
Calculate the greatest common divisor of 9844 and 6440.
92
Calculate the highest common divisor of 602854 and 3129.
1043
Calculate the greatest common divisor of 8044 and 32.
4
Calculate the highest common divisor of 282382 and 13279.
271
What is the greatest common divisor of 219716 and 4508?
196
What is the greatest common factor of 242676 and 2916?
324
What is the highest common factor of 1103185 and 305?
305
Calculate the greatest common factor of 479171 and 127.
127
What is the highest common factor of 459392 and 148?
148
Calculate the greatest common factor of 207948 and 23736.
516
Calculate the highest common factor of 15604 and 6474.
166
What is the greatest common divisor of 4252 and 38?
2
What is the greatest common factor of 12868 and 12?
4
Calculate the greatest common factor of 666 and 832722.
222
What is the greatest common divisor of 3154374 and 558?
558
Calculate the highest common factor of 77 and 9977.
11
What is the highest common divisor of 24 and 201?
3
Calculate the greatest common divisor of 851556 and 116.
116
Calculate the greatest common factor of 665 and 399665.
665
Calculate the highest common factor of 50 and 100150.
50
Calculate the greatest common factor of 97 and 4.
1
Calculate the highest common factor of 9 and 371079.
9
What is the greatest common factor of 646 and 200702?
34
What is the highest common divisor of 8118 and 450?
18
Calculate the greatest common factor of 1037 and 2176.
17
What is the greatest common factor of 136 and 5595448?
136
Calculate the greatest common divisor of 64383 and 88.
11
What is the highest common divisor of 207 and 492039?
207
Calculate the highest common factor of 5235885 and 921.
921
Calculate the highest common factor of 58262 and 8.
2
Calculate the highest common divisor of 3 and 1753.
1
What is the greatest common factor of 1036 and 924?
28
Calculate the greatest common divisor of 8 and 136232.
8
Calculate the greatest common factor of 2318778 and 11.
11
What is the greatest common factor of 58 and 1589026?
58
Calculate the highest common factor of 301371 and 762.
381
What is the greatest common divisor of 55 and 1678435?
55
What is the highest common divisor of 288624 and 1008?
336
What is the greatest common divisor of 1036 and 15947?
37
What is the greatest common factor of 99659 and 63?
7
What is the highest common factor of 952 and 1505?
7
Calculate the greatest common divisor of 35802 and 26.
26
What is the highest common factor of 611 and 387881?
13
Calculate the greatest common factor of 17066 and 1166.
106
Calculate the highest common divisor of 14715 and 396215.
545
What is the greatest common factor of 17175 and 200?
25
What is the greatest common divisor of 1445 and 145?
5
Calculate the highest common divisor of 73114 and 139.
139
Calculate the greatest common factor of 229887 and 189.
63
Calculate the greatest common factor of 14735 and 245.
35
What is the highest common divisor of 3053508 and 1422?
474
What is the greatest common divisor of 1056 and 429?
33
What is the greatest common factor of 145 and 42949?
29
Calculate the highest common divisor of 5863 and 58097.
533
What is the highest common divisor of 4410167 and 137?
137
What is the greatest common factor of 1500 and 59400?
300
What is the highest common divisor of 89039 and 2690?
269
Calculate the highest common divisor of 132 and 3109128.
132
Calculate the highest common divisor of 4158 and 1428966.
1386
Calculate the highest common factor of 11471 and 46.
1
Calculate the greatest common divisor of 4050 and 100275.
75
What is the highest common factor of 212 and 1492798?
106
What is the highest common divisor of 71070 and 3105?
345
What is the highest common factor of 13220641 and 67?
67
Calculate the greatest common divisor of 78246 and 345.
69
What is the greatest common factor of 46050 and 14160?
30
Calculate the highest common factor of 1076409 and 411.
411
Calculate the highest common divisor of 3526 and 8084.
86
What is the highest common factor of 6313 and 1177?
107
What is the greatest common divisor of 38194 and 1808?
226
Calculate the highest common divisor of 772 and 90517.
193
What is the greatest common divisor of 826 and 96229?
413
Calculate the greatest common divisor of 70 and 16210.
10
What is the highest common divisor of 1116 and 122109?
93
Calculate the greatest common divisor of 16837 and 3427.
149
Calculate the greatest common divisor of 27 and 12951.
9
Calculate the greatest common divisor of 515 and 1587745.
515
Calculate the greatest common divisor of 14526 and 198.
18
What is the highest common factor of 133784 and 184?
8
What is the greatest common divisor of 3 and 1956